{"id":3925,"date":"2021-10-26T11:31:59","date_gmt":"2021-10-26T09:31:59","guid":{"rendered":"https:\/\/www.aquario-passion.com\/?page_id=3925"},"modified":"2021-10-26T11:33:42","modified_gmt":"2021-10-26T09:33:42","slug":"les-membres","status":"publish","type":"page","link":"https:\/\/www.aquario-passion.com\/?page_id=3925","title":{"rendered":"Les membres"},"content":{"rendered":"\n<p><\/p>\n\n\n\n<figure class=\"wp-block-table\"><table><tbody><tr><td>N\u00b0<\/td><td>Pr\u00e9nom<\/td><td>Code-postal<\/td><td>Ville<\/td><td>Tri liste adh\u00e9rents<\/td><td>Nbre bacs<\/td><td>Volume total<\/td><td>Sp\u00e9cialit\u00e9<\/td><td>fish room<\/td><\/tr><tr><td>1<\/td><td>GUY<\/td><td>06600<\/td><td>ANTIBES<\/td><td>O<\/td><td>6<\/td><td>1600L<\/td><td>Cichlid\u00e9s Africains<\/td><td>0<\/td><\/tr><tr><td>1<\/td><td>Fran\u00e7oise<\/td><td>06600<\/td><td>ANTIBES<\/td><td>O<\/td><td>0<\/td><td>0<\/td><td>0<\/td><td>0<\/td><\/tr><tr><td>35<\/td><td>DOMINIQUE<\/td><td>06600<\/td><td>ANTIBES<\/td><td>O<\/td><td>4<\/td><td>1400 L<\/td><td>Discus<\/td><td>0<\/td><\/tr><tr><td>35<\/td><td>Eliane<\/td><td>06600<\/td><td>ANTIBES<\/td><td>O<\/td><td>0<\/td><td>0<\/td><td>0<\/td><td>0<\/td><\/tr><tr><td>60<\/td><td>St\u00e9phane<\/td><td>06730<\/td><td>SAINT ANDRE<\/td><td>O<\/td><td>3<\/td><td>3320 L<\/td><td>Cichlids Malawi<\/td><td>0<\/td><\/tr><tr><td>69<\/td><td>ARMAND<\/td><td>06560<\/td><td>VALBONNE<\/td><td>O<\/td><td>1<\/td><td>250L<\/td><td>Cichlid\u00e9s<\/td><td>0<\/td><\/tr><tr><td>96<\/td><td>MANUEL<\/td><td>06600<\/td><td>ANTIBES<\/td><td>O<\/td><td>1<\/td><td>300L<\/td><td>Cichlid\u00e9s Africains<\/td><td>0<\/td><\/tr><tr><td>157<\/td><td>VINCENT<\/td><td>83600<\/td><td>Bagnols en for\u00eat<\/td><td>O<\/td><td>1<\/td><td>300 L<\/td><td>Exotique<\/td><td>0<\/td><\/tr><tr><td>157<\/td><td>Brigitte<\/td><td>83300<\/td><td>Draguignan<\/td><td>O<\/td><td>0<\/td><td>0<\/td><td>0<\/td><td>0<\/td><\/tr><tr><td>178<\/td><td>DANIEL<\/td><td>06410<\/td><td>BIOT<\/td><td>O<\/td><td>18<\/td><td>280 L<\/td><td>Killies<\/td><td>oui<\/td><\/tr><tr><td>178<\/td><td>Maud<\/td><td>06270<\/td><td>VILLENEUVE LOUBET<\/td><td>O<\/td><td>2<\/td><td>275 L<\/td><td>Killies\/Af ouest\/Asie<\/td><td>0<\/td><\/tr><tr><td>215<\/td><td>Marc<\/td><td>06000<\/td><td>NICE<\/td><td>O<\/td><td>4<\/td><td>300 L<\/td><td>Guppies<\/td><td>0<\/td><\/tr><tr><td>220<\/td><td>Christophe<\/td><td>06160<\/td><td>JUAN LES PINS<\/td><td>O<\/td><td>0<\/td><td>0<\/td><td>0<\/td><td>0<\/td><\/tr><tr><td>220<\/td><td>Ludivine<\/td><td>06160<\/td><td>JUAN LES PINS<\/td><td>O<\/td><td>0<\/td><td>0<\/td><td>0<\/td><td>0<\/td><\/tr><tr><td>224<\/td><td>Jean-pierre<\/td><td>06600<\/td><td>ANTIBES<\/td><td>O<\/td><td>1<\/td><td>40 L<\/td><td>Poecilias<\/td><td>0<\/td><\/tr><tr><td>224<\/td><td>V\u00e9ronique<\/td><td>06600<\/td><td>ANTIBES<\/td><td>O<\/td><td>0<\/td><td>0<\/td><td>0<\/td><td>0<\/td><\/tr><tr><td>239<\/td><td>Thierry<\/td><td>06600<\/td><td>ANTIBES<\/td><td>O<\/td><td>0<\/td><td>0<\/td><td>0<\/td><td>0<\/td><\/tr><tr><td>254<\/td><td>Olivier<\/td><td>06800<\/td><td>CAGNES\/MER<\/td><td>O<\/td><td>3<\/td><td>560 L<\/td><td>0<\/td><td>0<\/td><\/tr><tr><td>254<\/td><td>Val\u00e9rie<\/td><td>06800<\/td><td>CAGNES\/MER<\/td><td>O<\/td><td>0<\/td><td>0<\/td><td>0<\/td><td>0<\/td><\/tr><tr><td>259<\/td><td>Michel<\/td><td>06560<\/td><td>VALBONNE<\/td><td>O<\/td><td>1<\/td><td>600 L<\/td><td>0<\/td><td>0<\/td><\/tr><tr><td>270<\/td><td>Laurent<\/td><td>06620<\/td><td>LE BAR SUR LOUP<\/td><td>O<\/td><td>2<\/td><td>200 L<\/td><td>Cichlid\u00e9s<\/td><td>oui<\/td><\/tr><tr><td>270<\/td><td>Moun<\/td><td>06620<\/td><td>LE BAR SUR LOUP<\/td><td>O<\/td><td>0<\/td><td>0<\/td><td>0<\/td><td>0<\/td><\/tr><tr><td>287<\/td><td>Sabine<\/td><td>06700<\/td><td>ST LAURENT DU VAR<\/td><td>O<\/td><td>2<\/td><td>480 L<\/td><td>r\u00e9cifal<\/td><td>0<\/td><\/tr><tr><td>302<\/td><td>Fran\u00e7oise<\/td><td>06100<\/td><td>NICE<\/td><td>O<\/td><td>1<\/td><td>80 L<\/td><td>Guppies<\/td><td>0<\/td><\/tr><tr><td>302<\/td><td>Jean<\/td><td>06100<\/td><td>NICE<\/td><td>O<\/td><td>0<\/td><td>0<\/td><td>0<\/td><td>0<\/td><\/tr><tr><td>321<\/td><td>Sylvain<\/td><td>06510<\/td><td>Carros<\/td><td>O<\/td><td>2<\/td><td>600L<\/td><td>Malawi,tanganyika<\/td><td>0<\/td><\/tr><tr><td>329<\/td><td>Antoine<\/td><td>06130<\/td><td>GRASSE<\/td><td>O<\/td><td>2<\/td><td>200 L<\/td><td>tropical<\/td><td>0<\/td><\/tr><tr><td>346<\/td><td>SERGE<\/td><td>06710<\/td><td>Touet \/ var<\/td><td>O<\/td><td>0<\/td><td>0<\/td><td>0<\/td><td>0<\/td><\/tr><tr><td>356<\/td><td>Jean<\/td><td>06600<\/td><td>ANTIBES<\/td><td>O<\/td><td>1<\/td><td>120 L<\/td><td>plattys\/anubias<\/td><td>0<\/td><\/tr><tr><td>373<\/td><td>Henri<\/td><td>06110<\/td><td>LE CANNET<\/td><td>O<\/td><td>2<\/td><td>290 L<\/td><td>exotiques\/plantes<\/td><td>0<\/td><\/tr><tr><td>385<\/td><td>Jo\u00eblle<\/td><td>06650<\/td><td>OPIO<\/td><td>O<\/td><td>1<\/td><td>450 L<\/td><td>Malawi<\/td><td>0<\/td><\/tr><tr><td>390<\/td><td>Ernest<\/td><td>06270<\/td><td>VILLENEUVE LOUBET<\/td><td>O<\/td><td>1<\/td><td>450 L<\/td><td>Malawi<\/td><td>0<\/td><\/tr><tr><td>412<\/td><td>Jean Claude<\/td><td>57350<\/td><td>Stiring-wendel<\/td><td>O<\/td><td>0<\/td><td>0<\/td><td>0<\/td><td>0<\/td><\/tr><tr><td>417<\/td><td>Jean<\/td><td>06100<\/td><td>NICE<\/td><td>O<\/td><td>10<\/td><td>700 L<\/td><td>Tropical,Marin,r\u00e9cifal<\/td><td>oui<\/td><\/tr><tr><td>419<\/td><td>Zbigniew<\/td><td>83600<\/td><td>Saint Rapha\u00ebl<\/td><td>O<\/td><td>1<\/td><td>630 L<\/td><td>Discus<\/td><td>0<\/td><\/tr><tr><td>419<\/td><td>Mme<\/td><td>83600<\/td><td>Saint Rapha\u00ebl<\/td><td>O<\/td><td>0<\/td><td>0<\/td><td>0<\/td><td>0<\/td><\/tr><tr><td>421<\/td><td>Martial<\/td><td>06100<\/td><td>NICE<\/td><td>O<\/td><td>0<\/td><td>0<\/td><td>0<\/td><td>0<\/td><\/tr><tr><td>431<\/td><td>Alberto<\/td><td>06600<\/td><td>ANTIBES<\/td><td>O<\/td><td>1<\/td><td>240 L<\/td><td>0<\/td><td>0<\/td><\/tr><tr><td>432<\/td><td>Jean Robert<\/td><td>06220<\/td><td>GOLFE-JUAN<\/td><td>O<\/td><td>2<\/td><td>52 L<\/td><td>crevette,endlers<\/td><td>0<\/td><\/tr><tr><td>448<\/td><td>Jean Yves<\/td><td>06510<\/td><td>Carros<\/td><td>O<\/td><td>8<\/td><td>1000 L<\/td><td>Guppies,Crevettes<\/td><td>0<\/td><\/tr><tr><td>449<\/td><td>Maxime<\/td><td>06200<\/td><td>NICE<\/td><td>O<\/td><td>4<\/td><td>650 L<\/td><td>Tanganyika,tropical<\/td><td>0<\/td><\/tr><tr><td>450<\/td><td>Johann<\/td><td>06600<\/td><td>ANTIBES<\/td><td>O<\/td><td>1<\/td><td>60 L<\/td><td>Endlers<\/td><td>0<\/td><\/tr><tr><td>451<\/td><td>S\u00e9bastien<\/td><td>83300<\/td><td>Draguignan<\/td><td>O<\/td><td>2<\/td><td>300 L<\/td><td>Aphyos\/Epiplatys\/crustac\u00e9s<\/td><td>0<\/td><\/tr><tr><td>452<\/td><td>Pierre<\/td><td>06300<\/td><td>NICE<\/td><td>O<\/td><td>2<\/td><td>800 L<\/td><td>Cichlid\u00e9s Malawi<\/td><td>0<\/td><\/tr><tr><td>452<\/td><td>Mme<\/td><td>06300<\/td><td>NICE<\/td><td>O<\/td><td>0<\/td><td>0<\/td><td>0<\/td><td>0<\/td><\/tr><tr><td>453<\/td><td>C\u00e9line<\/td><td>06600<\/td><td>ANTIBES<\/td><td>O<\/td><td>1<\/td><td>140 L<\/td><td>exotiques\/plantes<\/td><td>0<\/td><\/tr><tr><td>453<\/td><td>Nicolas<\/td><td>06600<\/td><td>ANTIBES<\/td><td>O<\/td><td>1<\/td><td>140 L<\/td><td>exotiques\/plantes<\/td><td>0<\/td><\/tr><tr><td>454<\/td><td>Julien<\/td><td>06600<\/td><td>ANTIBES<\/td><td>O<\/td><td>1<\/td><td>110 L<\/td><td>exotiques\/plantes<\/td><td>0<\/td><\/tr><tr><td>0<\/td><td>0<\/td><td>00000<\/td><td>0<\/td><td>0<\/td><td>0<\/td><td>0<\/td><td>0<\/td><td>0<\/td><\/tr><tr><td>0<\/td><td>0<\/td><td>00000<\/td><td>0<\/td><td>0<\/td><td>0<\/td><td>0<\/td><td>0<\/td><td>0<\/td><\/tr><\/tbody><\/table><\/figure>\n","protected":false},"excerpt":{"rendered":"<p>N\u00b0 Pr\u00e9nom Code-postal Ville Tri liste adh\u00e9rents Nbre bacs Volume total Sp\u00e9cialit\u00e9 fish room 1 GUY 06600 ANTIBES O 6 1600L Cichlid\u00e9s Africains 0 1 Fran\u00e7oise 06600 ANTIBES O 0 [&hellip;]<\/p>\n","protected":false},"author":1,"featured_media":0,"parent":0,"menu_order":0,"comment_status":"closed","ping_status":"closed","template":"","meta":{"footnotes":""},"class_list":["post-3925","page","type-page","status-publish","hentry"],"jetpack_sharing_enabled":true,"_links":{"self":[{"href":"https:\/\/www.aquario-passion.com\/index.php?rest_route=\/wp\/v2\/pages\/3925","targetHints":{"allow":["GET"]}}],"collection":[{"href":"https:\/\/www.aquario-passion.com\/index.php?rest_route=\/wp\/v2\/pages"}],"about":[{"href":"https:\/\/www.aquario-passion.com\/index.php?rest_route=\/wp\/v2\/types\/page"}],"author":[{"embeddable":true,"href":"https:\/\/www.aquario-passion.com\/index.php?rest_route=\/wp\/v2\/users\/1"}],"replies":[{"embeddable":true,"href":"https:\/\/www.aquario-passion.com\/index.php?rest_route=%2Fwp%2Fv2%2Fcomments&post=3925"}],"version-history":[{"count":2,"href":"https:\/\/www.aquario-passion.com\/index.php?rest_route=\/wp\/v2\/pages\/3925\/revisions"}],"predecessor-version":[{"id":3930,"href":"https:\/\/www.aquario-passion.com\/index.php?rest_route=\/wp\/v2\/pages\/3925\/revisions\/3930"}],"wp:attachment":[{"href":"https:\/\/www.aquario-passion.com\/index.php?rest_route=%2Fwp%2Fv2%2Fmedia&parent=3925"}],"curies":[{"name":"wp","href":"https:\/\/api.w.org\/{rel}","templated":true}]}}