{"id":2675,"date":"2020-10-19T08:28:20","date_gmt":"2020-10-19T06:28:20","guid":{"rendered":"http:\/\/www.aquario-passion.com\/?page_id=2675"},"modified":"2024-01-15T07:11:44","modified_gmt":"2024-01-15T06:11:44","slug":"salon-de-laquariophilie-et-de-la-terrariophile-2022","status":"publish","type":"page","link":"https:\/\/www.aquario-passion.com\/?page_id=2675","title":{"rendered":"20\u00e8me Salon de l&#8217;aquariophilie et de la terrariophilie 2024"},"content":{"rendered":"\n<div class=\"wp-block-group\"><div class=\"wp-block-group__inner-container is-layout-constrained wp-block-group-is-layout-constrained\"><div class=\"wp-block-image is-resized\">\n<figure class=\"alignleft size-large\"><img data-recalc-dims=\"1\"  title=\"\" fetchpriority=\"high\" decoding=\"async\" width=\"640\" height=\"905\" src=\"https:\/\/i0.wp.com\/www.aquario-passion.com\/wp-content\/uploads\/2023\/11\/1.png?resize=640%2C905&#038;ssl=1\"  alt=\"1-724x1024 20\u00e8me Salon de l&#039;aquariophilie et de la terrariophilie 2024\"  class=\"wp-image-8800\" style=\"aspect-ratio:0.70703125;width:383px;height:auto\" srcset=\"https:\/\/i0.wp.com\/www.aquario-passion.com\/wp-content\/uploads\/2023\/11\/1.png?resize=724%2C1024&amp;ssl=1 724w, https:\/\/i0.wp.com\/www.aquario-passion.com\/wp-content\/uploads\/2023\/11\/1.png?resize=212%2C300&amp;ssl=1 212w, https:\/\/i0.wp.com\/www.aquario-passion.com\/wp-content\/uploads\/2023\/11\/1.png?resize=768%2C1086&amp;ssl=1 768w, https:\/\/i0.wp.com\/www.aquario-passion.com\/wp-content\/uploads\/2023\/11\/1.png?resize=1086%2C1536&amp;ssl=1 1086w, https:\/\/i0.wp.com\/www.aquario-passion.com\/wp-content\/uploads\/2023\/11\/1.png?resize=1448%2C2048&amp;ssl=1 1448w, https:\/\/i0.wp.com\/www.aquario-passion.com\/wp-content\/uploads\/2023\/11\/1.png?resize=600%2C849&amp;ssl=1 600w, https:\/\/i0.wp.com\/www.aquario-passion.com\/wp-content\/uploads\/2023\/11\/1.png?w=1587&amp;ssl=1 1587w, https:\/\/i0.wp.com\/www.aquario-passion.com\/wp-content\/uploads\/2023\/11\/1.png?w=1280&amp;ssl=1 1280w\" sizes=\"(max-width: 640px) 100vw, 640px\" \/><\/figure><\/div>\n\n\n<p class=\"has-black-color has-text-color has-medium-font-size\"><strong><u>Etat au <strong><u><u><strong>26\/12\/2023<\/strong><\/u><\/u><\/strong> des locations <\/u><\/strong> <strong><u>bacs pour la bourse du salon 2024 <\/u><\/strong><\/p>\n\n\n\n<p class=\"has-medium-font-size\">Il reste&nbsp;<strong><u><mark style=\"background-color:rgba(0, 0, 0, 0)\" class=\"has-inline-color has-vivid-red-color\"><span style=\"text-decoration: underline;\">0<\/span><\/mark><\/u><\/strong>&nbsp;Bacs de 120 Litres sur les 33 propos\u00e9s<\/p>\n\n\n\n<p class=\"has-black-color has-text-color has-medium-font-size\">Il reste&nbsp;<strong><span style=\"text-decoration: underline;\"><mark style=\"background-color:rgba(0, 0, 0, 0)\" class=\"has-inline-color has-vivid-red-color\"><strong><span style=\"text-decoration: underline;\">2<\/span><\/strong><\/mark><\/span><\/strong> Bacs de 80 Litres sur les 24 propos\u00e9s<\/p>\n\n\n\n<p class=\"has-medium-font-size\">Il reste&nbsp;<span style=\"text-decoration: underline;\"><mark style=\"background-color:rgba(0, 0, 0, 0)\" class=\"has-inline-color has-vivid-red-color\"><strong><span style=\"text-decoration: underline;\">0<\/span><\/strong><\/mark><\/span>&nbsp;Bacs&nbsp;<strong><u>EAU DE MER<\/u><\/strong>&nbsp;de 140 Litres&nbsp;<strong>s<\/strong>ur les 8 propos\u00e9s (il est envisageable d&#8217;apporter votre cuve si vous le demandez) <\/p>\n\n\n\n<p class=\"has-medium-font-size\"><strong><u>Nota<\/u><\/strong>&nbsp;: ne pas h\u00e9siter pas \u00e0 nous contacter si les bacs manquent, nous allons cr\u00e9er une liste d\u2019attente <\/p>\n<\/div><\/div>\n\n\n\n<figure class=\"wp-block-image size-large\"><img data-recalc-dims=\"1\"  title=\"\" decoding=\"async\" width=\"640\" height=\"384\" src=\"https:\/\/i0.wp.com\/www.aquario-passion.com\/wp-content\/uploads\/2023\/12\/plan-salon-2024-01-12-23.jpg?resize=640%2C384&#038;ssl=1\"  alt=\"plan-salon-2024-01-12-23-1024x614 20\u00e8me Salon de l&#039;aquariophilie et de la terrariophilie 2024\"  class=\"wp-image-8961\" srcset=\"https:\/\/i0.wp.com\/www.aquario-passion.com\/wp-content\/uploads\/2023\/12\/plan-salon-2024-01-12-23.jpg?resize=1024%2C614&amp;ssl=1 1024w, https:\/\/i0.wp.com\/www.aquario-passion.com\/wp-content\/uploads\/2023\/12\/plan-salon-2024-01-12-23.jpg?resize=300%2C180&amp;ssl=1 300w, https:\/\/i0.wp.com\/www.aquario-passion.com\/wp-content\/uploads\/2023\/12\/plan-salon-2024-01-12-23.jpg?resize=768%2C461&amp;ssl=1 768w, https:\/\/i0.wp.com\/www.aquario-passion.com\/wp-content\/uploads\/2023\/12\/plan-salon-2024-01-12-23.jpg?resize=600%2C360&amp;ssl=1 600w, https:\/\/i0.wp.com\/www.aquario-passion.com\/wp-content\/uploads\/2023\/12\/plan-salon-2024-01-12-23.jpg?w=1129&amp;ssl=1 1129w\" sizes=\"(max-width: 640px) 100vw, 640px\" \/><\/figure>\n\n\n\n<div class=\"wpcf7 no-js\" id=\"wpcf7-f2656-o1\" lang=\"fr-FR\" dir=\"ltr\" data-wpcf7-id=\"2656\">\n<div class=\"screen-reader-response\"><p role=\"status\" aria-live=\"polite\" aria-atomic=\"true\"><\/p> <ul><\/ul><\/div>\n<form action=\"\/index.php?rest_route=%2Fwp%2Fv2%2Fpages%2F2675#wpcf7-f2656-o1\" method=\"post\" class=\"wpcf7-form init\" aria-label=\"Formulaire de contact\" novalidate=\"novalidate\" data-status=\"init\">\n<fieldset class=\"hidden-fields-container\"><input type=\"hidden\" name=\"_wpcf7\" value=\"2656\" \/><input type=\"hidden\" name=\"_wpcf7_version\" value=\"6.1.5\" \/><input type=\"hidden\" name=\"_wpcf7_locale\" value=\"fr_FR\" \/><input type=\"hidden\" name=\"_wpcf7_unit_tag\" value=\"wpcf7-f2656-o1\" \/><input type=\"hidden\" name=\"_wpcf7_container_post\" value=\"0\" \/><input type=\"hidden\" name=\"_wpcf7_posted_data_hash\" value=\"\" \/><input type=\"hidden\" name=\"_wpcf7_recaptcha_response\" value=\"\" \/>\n<\/fieldset>\n<p>Objet : (Champs obligatoire)<br \/>\n<span class=\"wpcf7-form-control-wrap\" data-name=\"menu-510\"><select class=\"wpcf7-form-control wpcf7-select wpcf7-validates-as-required\" aria-required=\"true\" aria-invalid=\"false\" name=\"menu-510\"><option value=\"Inscription Bourse Aqua\">Inscription Bourse Aqua<\/option><option value=\"Inscription Salon Pro\">Inscription Salon Pro<\/option><\/select><\/span>\n<\/p>\n<p>Votre pr\u00e9nom et nom \/ ou enseigne : (Champs obligatoire)<br \/>\n<span class=\"wpcf7-form-control-wrap\" data-name=\"text-552\"><input size=\"40\" maxlength=\"400\" class=\"wpcf7-form-control wpcf7-text wpcf7-validates-as-required\" aria-required=\"true\" aria-invalid=\"false\" value=\"\" type=\"text\" name=\"text-552\" \/><\/span>\n<\/p>\n<p>Section : (Champs obligatoire)<br \/>\n<span class=\"wpcf7-form-control-wrap\" data-name=\"checkbox-304\"><span class=\"wpcf7-form-control wpcf7-checkbox\"><span class=\"wpcf7-list-item first\"><label><input type=\"checkbox\" name=\"checkbox-304[]\" value=\"Amateur\" \/><span class=\"wpcf7-list-item-label\">Amateur<\/span><\/label><\/span><span class=\"wpcf7-list-item\"><label><input type=\"checkbox\" name=\"checkbox-304[]\" value=\"Professionnel\" \/><span class=\"wpcf7-list-item-label\">Professionnel<\/span><\/label><\/span><span class=\"wpcf7-list-item last\"><label><input type=\"checkbox\" name=\"checkbox-304[]\" value=\"Association\" \/><span class=\"wpcf7-list-item-label\">Association<\/span><\/label><\/span><\/span><\/span>\n<\/p>\n<p>Capacitaire : (Champs obligatoire)<br \/>\n<span class=\"wpcf7-form-control-wrap\" data-name=\"checkbox-304\"><span class=\"wpcf7-form-control wpcf7-checkbox\"><span class=\"wpcf7-list-item first\"><label><input type=\"checkbox\" name=\"checkbox-304[]\" value=\"Oui\" \/><span class=\"wpcf7-list-item-label\">Oui<\/span><\/label><\/span><span class=\"wpcf7-list-item last\"><label><input type=\"checkbox\" name=\"checkbox-304[]\" value=\"Non\" \/><span class=\"wpcf7-list-item-label\">Non<\/span><\/label><\/span><\/span><\/span>\n<\/p>\n<p>Si Oui : Date - Numero<br \/>\n<span class=\"wpcf7-form-control-wrap\" data-name=\"text-617\"><input size=\"40\" maxlength=\"400\" class=\"wpcf7-form-control wpcf7-text\" aria-invalid=\"false\" value=\"\" type=\"text\" name=\"text-617\" \/><\/span>\n<\/p>\n<p>Type : (Champs obligatoire)<br \/>\n<span class=\"wpcf7-form-control-wrap\" data-name=\"checkbox-717\"><span class=\"wpcf7-form-control wpcf7-checkbox\"><span class=\"wpcf7-list-item first\"><label><input type=\"checkbox\" name=\"checkbox-717[]\" value=\"Aquariophilie\" \/><span class=\"wpcf7-list-item-label\">Aquariophilie<\/span><\/label><\/span><span class=\"wpcf7-list-item\"><label><input type=\"checkbox\" name=\"checkbox-717[]\" value=\"Terrariophilie\" \/><span class=\"wpcf7-list-item-label\">Terrariophilie<\/span><\/label><\/span><span class=\"wpcf7-list-item\"><label><input type=\"checkbox\" name=\"checkbox-717[]\" value=\"Eau douce\" \/><span class=\"wpcf7-list-item-label\">Eau douce<\/span><\/label><\/span><span class=\"wpcf7-list-item\"><label><input type=\"checkbox\" name=\"checkbox-717[]\" value=\"Eau de mer\" \/><span class=\"wpcf7-list-item-label\">Eau de mer<\/span><\/label><\/span><span class=\"wpcf7-list-item last\"><label><input type=\"checkbox\" name=\"checkbox-717[]\" value=\"Autres\" \/><span class=\"wpcf7-list-item-label\">Autres<\/span><\/label><\/span><\/span><\/span><br \/>\nAquarium pour la bourse pas de panachage : (Champs obligatoire)<br \/>\n<span class=\"wpcf7-form-control-wrap\" data-name=\"checkbox-424\"><span class=\"wpcf7-form-control wpcf7-checkbox wpcf7-validates-as-required\"><span class=\"wpcf7-list-item first\"><label><input type=\"checkbox\" name=\"checkbox-424[]\" value=\"80L Eau douce\" \/><span class=\"wpcf7-list-item-label\">80L Eau douce<\/span><\/label><\/span><span class=\"wpcf7-list-item\"><label><input type=\"checkbox\" name=\"checkbox-424[]\" value=\"120L Eau douce\" \/><span class=\"wpcf7-list-item-label\">120L Eau douce<\/span><\/label><\/span><span class=\"wpcf7-list-item\"><label><input type=\"checkbox\" name=\"checkbox-424[]\" value=\"Recifal\" \/><span class=\"wpcf7-list-item-label\">Recifal<\/span><\/label><\/span><span class=\"wpcf7-list-item last\"><label><input type=\"checkbox\" name=\"checkbox-424[]\" value=\"Aucun (Si Pro)\" \/><span class=\"wpcf7-list-item-label\">Aucun (Si Pro)<\/span><\/label><\/span><\/span><\/span><br \/>\nQuantit\u00e9 Aquarium bourse uniquement : (Champs obligatoire)<br \/>\n<span class=\"wpcf7-form-control-wrap\" data-name=\"checkbox-487\"><span class=\"wpcf7-form-control wpcf7-checkbox wpcf7-validates-as-required\"><span class=\"wpcf7-list-item first\"><label><input type=\"checkbox\" name=\"checkbox-487[]\" value=\"1\" \/><span class=\"wpcf7-list-item-label\">1<\/span><\/label><\/span><span class=\"wpcf7-list-item\"><label><input type=\"checkbox\" name=\"checkbox-487[]\" value=\"2\" \/><span class=\"wpcf7-list-item-label\">2<\/span><\/label><\/span><span class=\"wpcf7-list-item\"><label><input type=\"checkbox\" name=\"checkbox-487[]\" value=\"3\" \/><span class=\"wpcf7-list-item-label\">3<\/span><\/label><\/span><span class=\"wpcf7-list-item\"><label><input type=\"checkbox\" name=\"checkbox-487[]\" value=\"4\" \/><span class=\"wpcf7-list-item-label\">4<\/span><\/label><\/span><span class=\"wpcf7-list-item\"><label><input type=\"checkbox\" name=\"checkbox-487[]\" value=\"5\" \/><span class=\"wpcf7-list-item-label\">5<\/span><\/label><\/span><span class=\"wpcf7-list-item\"><label><input type=\"checkbox\" name=\"checkbox-487[]\" value=\"6\" \/><span class=\"wpcf7-list-item-label\">6<\/span><\/label><\/span><span class=\"wpcf7-list-item\"><label><input type=\"checkbox\" name=\"checkbox-487[]\" value=\"7\" \/><span class=\"wpcf7-list-item-label\">7<\/span><\/label><\/span><span class=\"wpcf7-list-item\"><label><input type=\"checkbox\" name=\"checkbox-487[]\" value=\"8\" \/><span class=\"wpcf7-list-item-label\">8<\/span><\/label><\/span><span class=\"wpcf7-list-item\"><label><input type=\"checkbox\" name=\"checkbox-487[]\" value=\"9\" \/><span class=\"wpcf7-list-item-label\">9<\/span><\/label><\/span><span class=\"wpcf7-list-item\"><label><input type=\"checkbox\" name=\"checkbox-487[]\" value=\"10\" \/><span class=\"wpcf7-list-item-label\">10<\/span><\/label><\/span><span class=\"wpcf7-list-item last\"><label><input type=\"checkbox\" name=\"checkbox-487[]\" value=\"Aucun (si pro)\" \/><span class=\"wpcf7-list-item-label\">Aucun (si pro)<\/span><\/label><\/span><\/span><\/span>\n<\/p>\n<p>Adresse de votre messagerie ou site internet : (Champs obligatoire)<br \/>\n<span class=\"wpcf7-form-control-wrap\" data-name=\"your-email\"><input size=\"40\" maxlength=\"400\" class=\"wpcf7-form-control wpcf7-email wpcf7-validates-as-required wpcf7-text wpcf7-validates-as-email\" aria-required=\"true\" aria-invalid=\"false\" value=\"\" type=\"email\" name=\"your-email\" \/><\/span>\n<\/p>\n<p>Esp\u00e8ces :<br \/>\n<span class=\"wpcf7-form-control-wrap\" data-name=\"checkbox-557\"><span class=\"wpcf7-form-control wpcf7-checkbox\"><span class=\"wpcf7-list-item first\"><input type=\"checkbox\" name=\"checkbox-557[]\" value=\"Poecilia\" \/><span class=\"wpcf7-list-item-label\">Poecilia<\/span><\/span><span class=\"wpcf7-list-item\"><input type=\"checkbox\" name=\"checkbox-557[]\" value=\"Xiphophorus\" \/><span class=\"wpcf7-list-item-label\">Xiphophorus<\/span><\/span><span class=\"wpcf7-list-item\"><input type=\"checkbox\" name=\"checkbox-557[]\" value=\"Corydoras\" \/><span class=\"wpcf7-list-item-label\">Corydoras<\/span><\/span><span class=\"wpcf7-list-item\"><input type=\"checkbox\" name=\"checkbox-557[]\" value=\"Loricariidae\" \/><span class=\"wpcf7-list-item-label\">Loricariidae<\/span><\/span><span class=\"wpcf7-list-item\"><input type=\"checkbox\" name=\"checkbox-557[]\" value=\"Cichlidae Am\u00e9rique du sud\" \/><span class=\"wpcf7-list-item-label\">Cichlidae Am\u00e9rique du sud<\/span><\/span><span class=\"wpcf7-list-item\"><input type=\"checkbox\" name=\"checkbox-557[]\" value=\"Cichlidae Malawi\" \/><span class=\"wpcf7-list-item-label\">Cichlidae Malawi<\/span><\/span><span class=\"wpcf7-list-item\"><input type=\"checkbox\" name=\"checkbox-557[]\" value=\"Cichlidae Tanganyika\" \/><span class=\"wpcf7-list-item-label\">Cichlidae Tanganyika<\/span><\/span><span class=\"wpcf7-list-item\"><input type=\"checkbox\" name=\"checkbox-557[]\" value=\"Cichlidae Am\u00e9rique central\" \/><span class=\"wpcf7-list-item-label\">Cichlidae Am\u00e9rique central<\/span><\/span><span class=\"wpcf7-list-item\"><input type=\"checkbox\" name=\"checkbox-557[]\" value=\"Invert\u00e9br\u00e9s\" \/><span class=\"wpcf7-list-item-label\">Invert\u00e9br\u00e9s<\/span><\/span><span class=\"wpcf7-list-item\"><input type=\"checkbox\" name=\"checkbox-557[]\" value=\"Poisson d&#039;eau de mer\" \/><span class=\"wpcf7-list-item-label\">Poisson d&#039;eau de mer<\/span><\/span><span class=\"wpcf7-list-item\"><input type=\"checkbox\" name=\"checkbox-557[]\" value=\"SPS\" \/><span class=\"wpcf7-list-item-label\">SPS<\/span><\/span><span class=\"wpcf7-list-item\"><input type=\"checkbox\" name=\"checkbox-557[]\" value=\"LPS\" \/><span class=\"wpcf7-list-item-label\">LPS<\/span><\/span><span class=\"wpcf7-list-item last\"><input type=\"checkbox\" name=\"checkbox-557[]\" value=\"Autres\" \/><span class=\"wpcf7-list-item-label\">Autres<\/span><\/span><\/span><\/span>\n<\/p>\n<p>Descriptif de vente avec num\u00e9ro de cites si n\u00e9cessaire :<br \/>\n<span class=\"wpcf7-form-control-wrap\" data-name=\"textarea-17\"><textarea cols=\"40\" rows=\"10\" maxlength=\"2000\" class=\"wpcf7-form-control wpcf7-textarea wpcf7-validates-as-required\" aria-required=\"true\" aria-invalid=\"false\" name=\"textarea-17\"><\/textarea><\/span>\n<\/p>\n<p><input class=\"wpcf7-form-control wpcf7-submit has-spinner\" type=\"submit\" value=\"Envoyer\" \/>\n<\/p><p style=\"display: none !important;\" class=\"akismet-fields-container\" data-prefix=\"_wpcf7_ak_\"><label>&#916;<textarea name=\"_wpcf7_ak_hp_textarea\" cols=\"45\" rows=\"8\" maxlength=\"100\"><\/textarea><\/label><input type=\"hidden\" id=\"ak_js_1\" name=\"_wpcf7_ak_js\" value=\"205\"\/><script type=\"text\/javascript\">\n\/* <![CDATA[ *\/\ndocument.getElementById( \"ak_js_1\" ).setAttribute( \"value\", ( new Date() ).getTime() );\n\/* ]]> *\/\n<\/script>\n<\/p><div class=\"wpcf7-response-output\" aria-hidden=\"true\"><\/div>\n<\/form>\n<\/div>\n\n","protected":false},"excerpt":{"rendered":"<p>Etat au 26\/12\/2023 des locations bacs pour la bourse du salon 2024 Il reste&nbsp;0&nbsp;Bacs de 120 Litres sur les 33 propos\u00e9s Il reste&nbsp;2 Bacs de 80 Litres sur les 24 [&hellip;]<\/p>\n","protected":false},"author":1,"featured_media":0,"parent":0,"menu_order":0,"comment_status":"closed","ping_status":"closed","template":"","meta":{"footnotes":""},"class_list":["post-2675","page","type-page","status-publish","hentry"],"jetpack_sharing_enabled":true,"_links":{"self":[{"href":"https:\/\/www.aquario-passion.com\/index.php?rest_route=\/wp\/v2\/pages\/2675","targetHints":{"allow":["GET"]}}],"collection":[{"href":"https:\/\/www.aquario-passion.com\/index.php?rest_route=\/wp\/v2\/pages"}],"about":[{"href":"https:\/\/www.aquario-passion.com\/index.php?rest_route=\/wp\/v2\/types\/page"}],"author":[{"embeddable":true,"href":"https:\/\/www.aquario-passion.com\/index.php?rest_route=\/wp\/v2\/users\/1"}],"replies":[{"embeddable":true,"href":"https:\/\/www.aquario-passion.com\/index.php?rest_route=%2Fwp%2Fv2%2Fcomments&post=2675"}],"version-history":[{"count":101,"href":"https:\/\/www.aquario-passion.com\/index.php?rest_route=\/wp\/v2\/pages\/2675\/revisions"}],"predecessor-version":[{"id":9107,"href":"https:\/\/www.aquario-passion.com\/index.php?rest_route=\/wp\/v2\/pages\/2675\/revisions\/9107"}],"wp:attachment":[{"href":"https:\/\/www.aquario-passion.com\/index.php?rest_route=%2Fwp%2Fv2%2Fmedia&parent=2675"}],"curies":[{"name":"wp","href":"https:\/\/api.w.org\/{rel}","templated":true}]}}